 7, 13, 29
Suppose -5*f + 12780 = 9495. Suppose 4139 = g + 3*g - j, 5*g + 5*j = 5180. Suppose -9*r + f + g = 0. What are the prime factors of r?
2, 47
Suppose 110*m = 115*m - 15. Let t(j) = 19*j**3 - 4*j**2 - 7*j + 17. List the prime factors of t(m).
11, 43
Let f = -53515 + 87022. What are the prime factors of f?
3, 17, 73
What are the prime factors of 5496 - (1 + 1)/((-88)/24 + 4)?
2, 3, 5, 61
What are the prime factors of 6708 - ((-17)/(476/(-16)) - 20/(-14))?
2, 7, 479
Let z(h) be the first derivative of 2*h**3/3 + 4*h + 259. List the prime factors of z(-18).
2, 163
Suppose 43*l + 64*l = -30*l + 3230460. List the prime factors of l.
2, 3, 5, 131
Let g(f) = f**2 + 22*f + 52. Let m be g(-19). What are the prime factors of 1 - m - (-5)/((-30)/(-11988))?
2, 3, 167
Let a(m) = 12*m + 91. Let j be a(-7). Suppose -j*p + 2016 + 224 = 0. List the prime factors of p.
2, 5
Let d = 584 + -583. Let u(y) = 234*y**3 + 2*y**2 - 2*y - 1. What are the prime factors of u(d)?
233
Let q(p) = -p**3 + 9*p**2 + 10*p + 4. Let o be q(10). List the prime factors of o + (-4 + 5 - -812).
19, 43
List the prime factors of (-1*(-5 - -13) + 9)/(1/9737).
7, 13, 107
Suppose 3*d + 131 = -22. Let u = d + 30. What are the prime factors of (38/(-1))/(-4 - u/6)?
2, 19
Let x(s) = 31*s**2 + 129*s + 2436. List the prime factors of x(-27).
2, 3, 449
Let w(i) = i**2 + 5*i. Let u be w(0). Suppose 2*x - 10 = -4*j, -5*x + 3*j - 6*j + 25 = u. What are the prime factors of (-2136)/60*-1*x?
2, 89
Let s(j) = j**3 + 12*j**2 + 12*j - 8. Suppose -4*i = -0*d - 4*d + 124, -2*i - 56 = 4*d. Let x be (i/9)/((-3)/(-9)). List the prime factors of s(x).
2, 3
Let d be (1 + 1)*(30 + -32). Let z be d/(48/(-2492)) + 8/6. What are the prime factors of 11*4*z/44?
11, 19
Let f(y) = -11*y. Let w(x) = 16*x. Let l(a) = 8*f(a) + 5*w(a). Let c be l(-2). List the prime factors of (c/5)/((-30)/(-75)).
2
What are the prime factors of 3/((-11210)/67395 + (-2)/(-12))?
2, 4493
Let i = -12871 + 22199. List the prime factors of i.
2, 11, 53
Suppose l + 14394 = 5*k + 52430, l - k = 38064. List the prime factors of l.
11, 3461
Let n = 33828 - 15531. What are the prime factors of n?
3, 19, 107
Let k be 0 + -3 + 0 - -7*1. Suppose z = k, -v - 5*z = -0*z + 124. List the prime factors of ((-21)/12)/(4/v).
3, 7
Let f = -31 - -34. Suppose 0 = -0*r + 2*r + 3*s - 15, -f*r + 4*s - 20 = 0. Suppose r = -0*i + 2*i - 186. What are the prime factors of i?
3, 31
Suppose -5*t + 2*c + 235 = 0, 54 = -4*t + 4*c + 230. Suppose -2664 = -52*p + t*p. List the prime factors of p.
2, 3, 37
Suppose 4*x + z - 2 - 1764 = 0, -2*z = 4*x - 1768. Suppose 5*p - 1769 = -4*w - x, -8 = -2*p. List the prime factors of w.
3, 109
Let p(x) = -x**3 + 5*x**2. Let j be p(5). Suppose 4*z - b - 593 = j, 8*b + 737 = 5*z + 11*b. List the prime factors of z.
2, 37
Suppose 5*n + 20 = 9*n. Suppose 3*x - n*x = 4*m - 26, -x = m - 8. Suppose -301 + 76 = -m*p. List the prime factors of p.
3, 5
What are the prime factors of (238/(-6))/(-7)*(-1 + (-4615)/(-1))?
2, 17, 769
Let n = -35 + 39. Let u be (-72)/(-21)*182/4. Suppose n*c - 7*c + u = 0. What are the prime factors of c?
2, 13
Let u be 1/18*-3 + 4515/(-18). Let f = u - -529. List the prime factors of f.
2, 139
Suppose 0 = z - 3*z + 2*r + 16664, -3*z + 24996 = 2*r. What are the prime factors of z?
2, 2083
Suppose -2*l = 4*u - 32880, -324*l - 4*u - 32896 = -326*l. What are the prime factors of l?
2, 4111
Suppose -3*k = -3*o + 3, -o + 4*k - 26 = -2*o. Let g(m) = 2*m + 9*m - 19 + o*m - m. What are the prime factors of g(8)?
109
Let w = -2 - 0. Let q be 7/w + 3/(-2). List the prime factors of 10/q + 4 + 22.
2, 3
Suppose -7*b = -5*b + 5*b. Suppose 0 = -2*f - t + 2501, b = 2*t + 12 - 6. What are the prime factors of f?
2, 313
Suppose 1115*t + 4268625 = 1240*t. What are the prime factors of t?
3, 11383
Let c(p) be the first derivative of -61*p**2 - 248*p - 35. List the prime factors of c(-8).
2, 7, 13
Let b = 157 + -43. Let h = b + -114. Let u(k) = 8*k + 36. List the prime factors of u(h).
2, 3
Let k = 13926 + -2499. List the prime factors of k.
3, 13, 293
Suppose -4 = 4*l, -4*l + 3 = 4*g + 27. What are the prime factors of (g - (-29 - -6))*31/2?
3, 31
Suppose 2247198 = 97*m + 17750. What are the prime factors of m?
2, 13, 17
Let x = -264 + 969. Let q = x + -154. List the prime factors of q.
19, 29
Suppose -5*x = -14 - 6. Suppose -4*c + x*y = 76, c - 3*y = 2*c - 1. Let z(p) = -4*p - 14. List the prime factors of z(c).
2, 3, 7
Suppose -123*p + 988270 = -49*p. List the prime factors of p.
5, 2671
Suppose 9*d + 1156 = -w + 7*d, -2*w = 2*d + 2310. Let p = w + 1988. List the prime factors of p.
2, 3, 139
Suppose -4*x - 2*g = -8, 3*x - 16 = -2*g - 10. Let c be 1/((-1)/(-1))*1. What are the prime factors of (-2*19)/(x*c/(-2))?
2, 19
Let j = -26894 + 37985. What are the prime factors of j?
3, 3697
Suppose 21*u - 22*u = -15. Let z = 17 - u. Let i = z - -53. List the prime factors of i.
5, 11
Suppose -2 = 5*m - 67. Let u = -9 + m. Suppose -2*f - d = -40, -7*f = -2*f - u*d - 74. List the prime factors of f.
2, 3
Suppose 5*x - f = 2776 - 2290, -2*f - 487 = -5*x. Let p = -312 + 525. Let i = p - x. List the prime factors of i.
2, 29
Let h(n) = -125*n**3 - 8*n**2 - 29*n + 32. List the prime factors of h(-5).
2, 29, 269
Let x(h) = 60*h**2 - 124*h + 1887. List the prime factors of x(29).
48751
Suppose 4*r - 2*n = 68, -26 = -r + 3*n + 2*n. Let g(z) = 8*z - r + 28*z - 11. What are the prime factors of g(6)?
3, 7
Let h = -82 + 85. Suppose h*q = 4*u + 10, -u + 7 = -2*q + 6*q. What are the prime factors of u/2 + 387/6?
2
Let p(h) = 4*h + 1. Let g be p(1). Suppose 18*m - 57*m + 78 = 0. Suppose -18 = -5*v - g*o + 32, -22 = -5*v + m*o. What are the prime factors of v?
2, 3
Let l be (21/49)/(-3) - (-16)/14. List the prime factors of ((-8)/(-32))/l + (-2294)/(-8).
7, 41
Suppose -19*f - 71046 - 202518 = -53*f. What are the prime factors of f?
2, 3, 149
Let r = 121 - 123. What are the prime factors of 872/20*(r + (-145)/(-10))?
5, 109
Let y = 46 + -20. List the prime factors of (1 - 1979)*((-325)/y)/25.
23, 43
Let p(j) = -3*j - 17. Let q be p(-7). Suppose 317 = q*g - 2*u - 393, 0 = -5*g - 3*u + 860. List the prime factors of g.
5, 7
Suppose -395*a + 370*a + 19950 = 0. What are the prime factors of a?
2, 3, 7, 19
Suppose 22*u - 186*u + 8773788 = -7*u. List the prime factors of u.
2, 3, 4657
Suppose -274 = -f - 258. List the prime factors of ((104/f)/13)/(2/836).
11, 19
Let r = 199 + -142. Suppose -4*j = -3*n + 5 - 16, -4*n = 2*j - 22. Suppose 0 = -4*y - j*d + 92 + 110, -2*d - r = -y. What are the prime factors of y?
53
Let j(f) = 83*f**2 + 253*f - 21. What are the prime factors of j(10)?
3, 1201
Let i be -6 + -5 + (-19191)/(-3). Suppose 14*n = i - 520. What are the prime factors of n?
419
Let a be 7268/(-6) - (-19)/57. Let t = a - -2200. List the prime factors of t.
23, 43
Let p(k) = 276*k**2 - 76*k - 236. What are the prime factors of p(-3)?
2, 619
Suppose -409*g + 61431 = 409*g - 815*g. What are the prime factors of g?
20477
Let r = 1053 - -7403. List the prime factors of r.
2, 7, 151
Let h = 53283 + -37898. List the prime factors of h.
5, 17, 181
Let y be -51*((-4)/10)/((-3)/(-5)). Suppose 0 = 5*i - 16 - y. Suppose 14*w - i = 9*w. List the prime factors of w.
2
Let k(l) be the first derivative of 15*l**4/2 + l**3/6 + l**2/2 + 12*l - 7. Let m(z) be the first derivative of k(z). List the prime factors of m(-1).
2, 3, 5
Let q(j) = -9*j + 2. Let k be q(-6). Let l(n) = 4*n + 16. Let h be l(-10). Let v = k + h. What are the prime factors of v?
2
Suppose 207*w - 1000042 = 73*w. What are the prime factors of w?
17, 439
Suppose d - 21 + 6 = 0. Let q be 2/((-20)/d)*2. Let l = q + 105. List the prime factors of l.
2, 3, 17
Let a(b) = -b**2 - 16*b - 2. Let g(q) = q**2 - q - 1. Let m(d) = a(d) - g(d). Let l = -530 - -524. List the prime factors of m(l).
17
Let c(x) = 1864*x**2 - 309*x - 1214. List the prime factors of c(-4).
2, 14923
Let y(d) = 38360*d**3 - 14*d**2 + 30*d - 16. List the prime factors of y(1).
2, 5, 7, 137
Let o(j) = -4060*j - 33. List the prime factors of o(-1).
4027
Suppose -4*d + 5*m = -42, d - m + 38 = 6*d. Suppose -d*w + 11*w - 249 = 0. Let b = w + -59. List the prime factors of b.
2, 3
Suppose -2 = 9*u - 83. Suppose 0 = u*y - 1278 + 135. What are